mainder when 38277 is divided by 178?
7
What is the remainder when 3550 is divided by 30?
10
Calculate the remainder when 1511 is divided by 64.
39
Calculate the remainder when 164916 is divided by 16.
4
What is the remainder when 356237 is divided by 1250?
1237
What is the remainder when 141596 is divided by 4?
0
Calculate the remainder when 1382 is divided by 1314.
68
Calculate the remainder when 7079 is divided by 1415.
4
Calculate the remainder when 451180 is divided by 174.
172
Calculate the remainder when 316748 is divided by 838.
822
Calculate the remainder when 57596 is divided by 72.
68
What is the remainder when 1432 is divided by 1430?
2
Calculate the remainder when 16151 is divided by 52.
31
What is the remainder when 14336 is divided by 820?
396
What is the remainder when 235897 is divided by 71?
35
What is the remainder when 54104 is divided by 286?
50
What is the remainder when 85226 is divided by 42604?
18
Calculate the remainder when 8715 is divided by 1449.
21
Calculate the remainder when 7942 is divided by 208.
38
Calculate the remainder when 60324 is divided by 5027.
0
What is the remainder when 52395 is divided by 83?
22
What is the remainder when 6178 is divided by 309?
307
Calculate the remainder when 99786 is divided by 198.
192
What is the remainder when 3475 is divided by 40?
35
What is the remainder when 276100 is divided by 233?
228
What is the remainder when 89047 is divided by 5?
2
Calculate the remainder when 284052 is divided by 94642.
126
Calculate the remainder when 177408 is divided by 29567.
6
Calculate the remainder when 814 is divided by 290.
234
What is the remainder when 79363 is divided by 3166?
213
Calculate the remainder when 50971 is divided by 12718.
99
Calculate the remainder when 15694 is divided by 23.
8
What is the remainder when 32094 is divided by 16021?
52
What is the remainder when 239278 is divided by 497?
221
What is the remainder when 328845 is divided by 104?
101
What is the remainder when 299307 is divided by 1069?
1056
What is the remainder when 1776879 is divided by 28?
27
Calculate the remainder when 40107 is divided by 474.
291
What is the remainder when 3037 is divided by 989?
70
What is the remainder when 148553 is divided by 4501?
20
Calculate the remainder when 29673 is divided by 4201.
266
What is the remainder when 1610 is divided by 466?
212
Calculate the remainder when 4813 is divided by 140.
53
What is the remainder when 172333 is divided by 57421?
70
Calculate the remainder when 6489 is divided by 20.
9
Calculate the remainder when 6400 is divided by 423.
55
Calculate the remainder when 459 is divided by 384.
75
What is the remainder when 51899 is divided by 6?
5
What is the remainder when 277534 is divided by 1239?
1237
What is the remainder when 83846 is divided by 63?
56
What is the remainder when 7417 is divided by 1226?
61
Calculate the remainder when 9926 is divided by 34.
32
Calculate the remainder when 6054 is divided by 129.
120
What is the remainder when 5900 is divided by 297?
257
Calculate the remainder when 436593 is divided by 2695.
3
Calculate the remainder when 26827 is divided by 26.
21
What is the remainder when 957 is divided by 182?
47
What is the remainder when 5247 is divided by 403?
8
Calculate the remainder when 78187 is divided by 67.
65
What is the remainder when 13786 is divided by 10?
6
Calculate the remainder when 53113 is divided by 322.
305
Calculate the remainder when 4714 is divided by 124.
2
Calculate the remainder when 192586 is divided by 22.
20
Calculate the remainder when 969276 is divided by 160.
156
What is the remainder when 46869 is divided by 2230?
39
What is the remainder when 203135 is divided by 1110?
5
What is the remainder when 23996 is divided by 30?
26
What is the remainder when 17874 is divided by 4467?
6
What is the remainder when 37975 is divided by 9455?
155
Calculate the remainder when 107014 is divided by 546.
544
Calculate the remainder when 9424304 is divided by 99.
98
What is the remainder when 76188 is divided by 67?
9
Calculate the remainder when 426098 is divided by 10.
8
Calculate the remainder when 2731 is divided by 863.
142
What is the remainder when 2792 is divided by 57?
56
What is the remainder when 3224 is divided by 559?
429
What is the remainder when 7377 is divided by 239?
207
Calculate the remainder when 112 is divided by 38.
36
What is the remainder when 382663 is divided by 52?
47
Calculate the remainder when 308461 is divided by 662.
631
Calculate the remainder when 1162 is divided by 212.
102
What is the remainder when 10686 is divided by 61?
11
Calculate the remainder when 3994 is divided by 133.
4
Calculate the remainder when 1913 is divided by 1902.
11
Calculate the remainder when 578297 is divided by 30.
17
What is the remainder when 16664 is divided by 1846?
50
Calculate the remainder when 125885 is divided by 281.
278
Calculate the remainder when 60721 is divided by 19.
16
What is the remainder when 590 is divided by 6?
2
What is the remainder when 2676 is divided by 148?
12
Calculate the remainder when 169379 is divided by 491.
475
Calculate the remainder when 2860123 is divided by 15.
13
What is the remainder when 126482 is divided by 56?
34
What is the remainder when 1248 is divided by 179?
174
What is the remainder when 1852 is divided by 193?
115
Calculate the remainder when 14244 is divided by 429.
87
Calculate the remainder when 4810 is divided by 84.
22
Calculate the remainder when 3919 is divided by 50.
19
What is the remainder when 504 is divided by 37?
23
What is the remainder when 40384 is divided by 98?
8
What is the remainder when 4538 is divided by 437?
168
Calculate the remainder when 390934 is divided by 130305.
19
What is the remainder when 4598 is divided by 1147?
10
Calculate the remainder when 15275 is divided by 15225.
50
What is the remainder when 31344 is divided by 10441?
21
What is the remainder when 1760447 is divided by 64?
63
What is the remainder when 36469 is divided by 5177?
230
What is the remainder when 37998 is divided by 500?
498
What is the remainder when 25613 is divided by 25606?
7
Calculate the remainder when 49440 is divided by 59.
57
Calculate the remainder when 661210 is divided by 1.
0
Calculate the remainder when 6350 is divided by 774.
158
Calculate the remainder when 91978 is divided by 648.
610
Calculate the remainder when 7036 is divided by 453.
241
What is the remainder when 143149 is divided by 8946?
13
Calculate the remainder when 183764 is divided by 4594.
4
Calculate the remainder when 10843 is divided by 66.
19
What is the remainder when 580 is divided by 70?
20
What is the remainder when 23060 is divided by 11526?
8
What is the remainder when 112620 is divided by 67?
60
What is the remainder when 10037 is divided by 7?
6
What is the remainder when 8828 is divided by 605?
358
What is the remainder when 887413 is divided by 19?
18
Calculate the remainder when 25024 is divided by 25002.
22
Calculate the remainder when 4066 is divided by 462.
370
Calculate the remainder when 35807 is divided by 23.
19
Calculate the remainder when 5455 is divided by 739.
282
What is the remainder when 132012 is divided by 14666?
18
What is the remainder when 91080 is divided by 660?
0
Calculate the remainder when 3676 is divided by 23.
19
Calculate the remainder when 4757 is divided by 247.
64
What is the remainder when 980 is divided by 100?
80
What is the remainder when 1007099 is divided by 300?
299
Calculate the remainder when 416 is divided by 56.
24
What is the remainder when 4314 is divided by 1062?
66
Calculate the remainder when 141269 is divided by 141192.
77
What is the remainder when 9347 is divided by 1320?
107
Calculate the remainder when 75426 is divided by 51.
48
Calculate the remainder when 1311 is divided by 129.
21
Calculate the remainder when 1282 is divided by 140.
22
What is the remainder when 45515 is divided by 15137?
104
What is the remainder when 71751 is divided by 17928?
39
What is the remainder when 240221 is divided by 1144?
1125
Calculate the remainder when 3943054 is divided by 26.
24
Calculate the remainder when 124512 is divided by 15562.
16
Calculate the remainder when 246601 is divided by 4.
1
What is the remainder w